t o(p) = 2*p + 2 + p**3 - 4 - 3 - 6*p**2. What is the units digit of o(6)?
7
Let k = -1 - 5. Let o(i) = i**3 + 5*i**2 - 7*i - 6. Let v be o(k). Suppose -4*a + 12 = v, -4*a - a + 19 = 2*j. What is the units digit of j?
2
Let h(y) be the second derivative of -y**3/3 - y**2 + y. Let a be h(-4). What is the units digit of a/4 + (-81)/(-6)?
5
Let r(s) = -2*s - 2. Let f be r(-10). Let d = -16 + f. What is the units digit of d?
2
What is the units digit of (-2 + 1)/(4/(-104))?
6
Let s = 40 + -6. What is the units digit of s?
4
Suppose 0*u - u = -5. Suppose -5*h - 39 = p - 3*p, -p - u*h = -12. What is the units digit of p?
7
Suppose -3*u + 4*b + 36 = 0, 3*u + 6*b - 36 = b. Suppose u = 3*r + r. Suppose 0 = -n + h + 2*h - 4, r*n + 3*h - 24 = 0. What is the units digit of n?
5
Let h = -38 + 75. Let c = -21 + h. What is the units digit of c?
6
Let r be -1 + (0 - (16 + -2)). Let q = r - -30. What is the tens digit of q?
1
Let r = 37 - 25. Let l(h) = h - 1. Let z be l(-6). What is the tens digit of r/(-42) + (-142)/z?
2
Suppose -5*t - q = -705, 0 = t - 2*t + 3*q + 125. What is the tens digit of t?
4
Let m(g) = -g**3 - 8*g**2 + g + 11. Let d be m(-8). Suppose 45 = d*p + 2*p. What is the units digit of p?
9
Suppose w - 13 = -0*w. Suppose -29 = -2*u + w. What is the units digit of u?
1
Let r(h) = h**3 + 4*h**2 - h - 2. Let i be r(-4). Suppose 2*p = p + 4*y - i, 0 = -4*y + 8. What is the units digit of p?
6
Let g be 4 + (6/2 - 5). Let w be -2 + (9 - 0) + 1. Suppose -4*t = z - g*t - w, 4*z - 2*t = 42. What is the units digit of z?
0
Suppose 0 = 3*h - 3*d - 9, -d - 15 = 5*h + 4*d. Suppose 0 = -3*v + 4*v + m - 39, h = 3*v - 5*m - 125. What is the tens digit of v?
4
What is the tens digit of (-1)/(-1) + (-5 - -44)?
4
Suppose -3*t + 27 = 2*a, 0 = 3*t - a - 3*a - 45. What is the units digit of (-2)/((-35)/t + 3)?
1
Let a be 45/12 - (-3)/(-4). Suppose a*d = -19 + 52. What is the tens digit of d?
1
Let n(x) = 2*x**2 + 3*x + 52. Let y(a) = a + 1. Let m(w) = n(w) - 2*y(w). What is the units digit of m(0)?
0
Let j(q) = -q + 4. Let m be j(5). Let o be (0 - 2) + (-1)/m. Let f = o - -9. What is the units digit of f?
8
Let r be (1/(-3))/((-7)/21). Suppose 7 = 4*o - r. What is the units digit of o?
2
Let b = -3 + 206. What is the tens digit of b?
0
Let q be 135/4 + (-8)/(-32). Suppose -2*j = 3*x - q, -2*x + 52 = 3*j + 3*x. What is the units digit of j?
4
Let l(t) = 3*t + 1. Let r be l(2). Suppose -r*z = -2*z - 225. What is the tens digit of z?
4
What is the tens digit of 0 - (1 + (-316)/4)?
7
Let o(n) = n**2 + 8*n + 1. Let q be o(-8). Let s(z) = 14*z**2. Let k be s(q). Suppose k = -5*v + 94. What is the tens digit of v?
1
Let m(f) = f**2 - 5*f - 8. Let c be m(7). What is the units digit of (7 + -28)/(c/(-4))?
4
Let i = -14 + 7. Let g = i - 5. What is the units digit of ((-8)/g)/(4/30)?
5
Let t = -81 - -246. What is the hundreds digit of t?
1
Let n(s) = 3*s + 15. What is the tens digit of n(8)?
3
Let h = -37 + -12. Let u = -21 - h. What is the tens digit of u?
2
Let q(p) = p**2 - 4*p + 4. What is the units digit of q(5)?
9
Let z(x) = -x**2 + 5*x + 7. Let b(u) = u**3 + 3*u**2 - 5*u - 1. Let m be b(-4). Suppose m*h + 4*k = h + 2, -2*h - 2*k = -6. What is the units digit of z(h)?
7
Let v be (-2)/(-7) + (-148)/28. Let a be (80/(-6))/5*-6. Let m = v + a. What is the units digit of m?
1
Let x(g) = 3*g**3 - 2*g**2 - 4*g - 2. Let d(c) = 4*c**3 - 3*c**2 - 5*c - 3. Let q(z) = 4*d(z) - 5*x(z). What is the units digit of q(3)?
7
Suppose -13*j = -16*j + 402. What is the units digit of j?
4
Let c(q) = 6*q**3 - 3*q**2 + q + 2. Let h be c(2). Suppose -h = 4*d - 9*d. What is the units digit of d?
8
Suppose 5*v = 4*q + 13, 0*v - 1 = -2*q + v. Let c(m) = -2*m**2 + m + 4. Let s be c(q). What is the units digit of 1/(-2) + s/(-2)?
5
Let x = 542 + -314. What is the units digit of x?
8
Let y be (-1)/3*(-2 - 1). Suppose 2*j = 4*k - y - 23, j = -k - 3. Let q(s) = -s**2 - 7*s - 5. What is the units digit of q(j)?
1
Let g(q) = q**3 - 10*q**2 + 9*q + 4. What is the units digit of g(9)?
4
Suppose 0 = 3*r + t + 4*t - 519, t + 715 = 4*r. What is the units digit of r?
8
Let o(x) = 1 + 0*x**3 - x**3 - 3 - 3*x**2 - x - x. What is the units digit of o(-3)?
4
Let b(f) = -f + 2. Let h be b(-2). Let n = 6 - h. What is the tens digit of 0 - (-4 + n + -10)?
1
Let q = -19 + 22. Suppose 0*p + p = 3, -5*p - 135 = -q*b. What is the tens digit of b?
5
Let h(v) = v**2 - 5*v - 4. Let x be h(5). Let a = 2 + x. What is the units digit of 20/9 + a/9?
2
Let u = 0 - -3. Suppose u = j, 2*j + 39 = 4*h - j. Suppose -3*a = a - h. What is the units digit of a?
3
Let x = -5 - -4. Let l(j) = -j**3 + j**2. Let b be l(x). What is the units digit of ((-16)/(-20))/(b/5)?
2
Let b(a) = -a**3 + 14*a**2 - 18*a - 18. What is the tens digit of b(9)?
2
Suppose 9*s + 9 = 12*s. What is the units digit of s?
3
Suppose 3*t = -0*t + 5*x - 2, -4*x = 5*t - 46. Suppose -t = -4*s + s. What is the units digit of s?
2
Let s = -2 - -12. What is the units digit of s?
0
Let k be (2/4)/((-2)/(-12)). Suppose -19 = -k*f + 29. Suppose 3*p - 7 = 5*j + 10, 5*p = -4*j + f. What is the units digit of p?
4
Let s be -6*(2 + (-16)/6). Suppose 4*o = -4*a - 8, s*o + a = 6*o - 8. What is the units digit of o?
2
Let j(o) = 2*o - 2 + 4 - 3 + 2*o. What is the tens digit of j(6)?
2
Let d = 76 - 53. Let w = 58 - d. Suppose 5*t + 3*r = w, 3*t + 2*r = 17 + 4. What is the units digit of t?
7
Let k(j) = 3*j**3 - 2*j - 1. What is the tens digit of k(2)?
1
Suppose 0 = -2*t - 8 + 24. Suppose -2 = -6*p + t*p. Let r = p - -10. What is the units digit of r?
9
Suppose -3*k = z + 6 - 26, 3*z - 30 = -3*k. What is the units digit of z?
5
Let p(t) = 4*t - 3*t - 5*t. What is the tens digit of p(-3)?
1
Suppose -5*a + 181 = -l + 4*l, 0 = -3*l + 4*a + 163. Let y = 87 - l. What is the units digit of y?
0
Let l = -62 - -100. What is the tens digit of l?
3
Suppose 5*t - 24 = 1. Suppose -2*r = t*u - 47 - 33, 0 = 3*r + 15. What is the tens digit of u?
1
Let d = 6 + -3. Let j be ((-4)/(-5))/(2/10). Suppose d*n - j = n. What is the units digit of n?
2
Let v be 0/(-1) + 69/(-3). Let u = v + 45. What is the tens digit of u?
2
Let m = 288 - 146. What is the hundreds digit of m?
1
Let d(p) = p**3 + 7*p**2 + 6*p - 1. Let i be d(-6). Let f(v) = -3*v - 19 - 11*v**3 + 4*v + 2*v**2 + 19. What is the tens digit of f(i)?
1
What is the hundreds digit of -11 - -12 - (9*-43 + 1)?
3
Let g be (-2)/(-9) - 76/18. Let w = -4 - g. Suppose 4*h + w*n + 4*n = 52, -5*n + 11 = -h. What is the units digit of h?
9
Suppose 0 = -3*f - f + 4*h + 212, 4*f - h - 209 = 0. What is the tens digit of f?
5
Suppose -2*h + 5 = 5*i, -16 = -2*h - i + 1. Suppose 2 = 3*c - h. What is the units digit of c?
4
Let d(i) be the first derivative of -i**4/4 + 5*i**3/3 + i**2 + i + 3. What is the units digit of d(5)?
1
Let z be -1 + -2 + 2 + 3. What is the units digit of 13 - z/(-4)*2?
4
Let j(v) be the third derivative of -v**6/60 - v**5/60 + 13*v**2. Suppose 3*a = 2*c + 2*c - 11, -25 = 5*c + 4*a. What is the units digit of j(c)?
1
Suppose -r - 2*r = -3. Let t be 6*(-2)/(-6)*r. What is the units digit of ((-3)/t)/(1/(-2))?
3
Suppose -6*x = -3*x - 21. What is the units digit of (-64)/(-3) + x/(-21)?
1
Suppose -17 - 15 = 4*m. What is the tens digit of m/4*(-25)/2?
2
Suppose -n - 15 = n - 5*w, 3*n + 4*w - 35 = 0. Suppose -2*k = -n*k. Suppose k*c + 5 = 5*c. What is the units digit of c?
1
Let r be -1 + (-2 - -12) - -3. Let u be (-2)/r + 2/12. Suppose 4*i - 64 + 8 = u. What is the units digit of i?
4
Let r(h) = -4*h**2 + 1. Let s be r(1). What is the tens digit of ((-2)/(-4))/(s/(-258))?
4
Suppose -6*x + 2*x = -28. Let f = x + -11. Let m = 6 + f. What is the units digit of m?
2
Let a(k) = k**2 - k - 3. Let b be a(0). Let m(q) = -q**2 - q + 1. Let y be m(-3). What is the units digit of b*(y/(-3) - 2)?
1
Let j be 8/(-12)*6/(-4). Let p = j - 4. Let q = p + 6. What is the units digit of q?
3
Let n(w) = w**3 - w**2 + w + 1. Let v be (-10)/(-6) - 8/12. Let i(q) = -3*q**3 + q**2 + 2*q - 2. Let b(d) = v*i(d) + 2*n(d). What is the units digit of b(-3)?
6
Let i(k) = -k**3 - 3*k**2. Let u be i(-3). Let b(p) = -p - 7. Let c be b(u). Let r = -3 - c. What is the units digit of r?
4
Suppose 4*x + 30 = -6. What is the units digit of (-6)/x + (-21)/(-9)?
3
Let z = -4 - 